vided by 30.
14
Calculate the remainder when 1870 is divided by 928.
14
Calculate the remainder when 69 is divided by 17.
1
What is the remainder when 117 is divided by 41?
35
Calculate the remainder when 530 is divided by 91.
75
Calculate the remainder when 601 is divided by 49.
13
Calculate the remainder when 86 is divided by 41.
4
What is the remainder when 78 is divided by 24?
6
Calculate the remainder when 2208 is divided by 25.
8
Calculate the remainder when 88 is divided by 25.
13
Calculate the remainder when 216 is divided by 48.
24
Calculate the remainder when 1322 is divided by 63.
62
What is the remainder when 427 is divided by 223?
204
Calculate the remainder when 198 is divided by 8.
6
What is the remainder when 73 is divided by 21?
10
What is the remainder when 107 is divided by 29?
20
What is the remainder when 1031 is divided by 44?
19
Calculate the remainder when 5415 is divided by 246.
3
Calculate the remainder when 369 is divided by 112.
33
What is the remainder when 282 is divided by 37?
23
What is the remainder when 215 is divided by 18?
17
Calculate the remainder when 20 is divided by 10.
0
What is the remainder when 15835 is divided by 3956?
11
What is the remainder when 4196 is divided by 36?
20
Calculate the remainder when 908 is divided by 26.
24
Calculate the remainder when 335 is divided by 12.
11
Calculate the remainder when 193 is divided by 64.
1
What is the remainder when 1340 is divided by 11?
9
What is the remainder when 239 is divided by 36?
23
What is the remainder when 116 is divided by 15?
11
What is the remainder when 176 is divided by 46?
38
What is the remainder when 421 is divided by 53?
50
Calculate the remainder when 167 is divided by 86.
81
Calculate the remainder when 76 is divided by 46.
30
Calculate the remainder when 2858 is divided by 712.
10
Calculate the remainder when 2193 is divided by 543.
21
What is the remainder when 4934 is divided by 61?
54
Calculate the remainder when 754 is divided by 76.
70
Calculate the remainder when 1348 is divided by 75.
73
What is the remainder when 195 is divided by 98?
97
What is the remainder when 11326 is divided by 118?
116
Calculate the remainder when 20 is divided by 3.
2
Calculate the remainder when 163 is divided by 37.
15
Calculate the remainder when 1891 is divided by 86.
85
Calculate the remainder when 539 is divided by 6.
5
What is the remainder when 654 is divided by 41?
39
Calculate the remainder when 1582 is divided by 29.
16
What is the remainder when 264 is divided by 239?
25
What is the remainder when 1755 is divided by 24?
3
Calculate the remainder when 14846 is divided by 330.
326
Calculate the remainder when 3953 is divided by 7.
5
Calculate the remainder when 137 is divided by 10.
7
What is the remainder when 533 is divided by 5?
3
Calculate the remainder when 848 is divided by 845.
3
What is the remainder when 103 is divided by 81?
22
Calculate the remainder when 178 is divided by 93.
85
What is the remainder when 238 is divided by 22?
18
What is the remainder when 1212 is divided by 217?
127
What is the remainder when 1586 is divided by 37?
32
Calculate the remainder when 77 is divided by 22.
11
What is the remainder when 244 is divided by 13?
10
What is the remainder when 23 is divided by 15?
8
Calculate the remainder when 3203 is divided by 57.
11
What is the remainder when 1252 is divided by 60?
52
Calculate the remainder when 10620 is divided by 247.
246
What is the remainder when 217 is divided by 23?
10
What is the remainder when 16377 is divided by 70?
67
What is the remainder when 26 is divided by 11?
4
Calculate the remainder when 117 is divided by 17.
15
Calculate the remainder when 453 is divided by 13.
11
Calculate the remainder when 173 is divided by 59.
55
What is the remainder when 32 is divided by 4?
0
What is the remainder when 295 is divided by 27?
25
What is the remainder when 69 is divided by 30?
9
Calculate the remainder when 1915 is divided by 6.
1
Calculate the remainder when 599 is divided by 100.
99
Calculate the remainder when 4214 is divided by 1398.
20
Calculate the remainder when 112 is divided by 54.
4
Calculate the remainder when 31610 is divided by 6.
2
Calculate the remainder when 347 is divided by 29.
28
What is the remainder when 74 is divided by 5?
4
What is the remainder when 127 is divided by 16?
15
What is the remainder when 91 is divided by 23?
22
What is the remainder when 5210 is divided by 64?
26
Calculate the remainder when 7539 is divided by 10.
9
Calculate the remainder when 635 is divided by 6.
5
What is the remainder when 240 is divided by 107?
26
Calculate the remainder when 1726 is divided by 108.
106
What is the remainder when 20 is divided by 11?
9
Calculate the remainder when 546 is divided by 33.
18
What is the remainder when 1464 is divided by 118?
48
Calculate the remainder when 36 is divided by 6.
0
What is the remainder when 613 is divided by 11?
8
What is the remainder when 78 is divided by 8?
6
What is the remainder when 129 is divided by 64?
1
What is the remainder when 57 is divided by 4?
1
What is the remainder when 85 is divided by 24?
13
What is the remainder when 1344 is divided by 75?
69
What is the remainder when 1307 is divided by 107?
23
Calculate the remainder when 105 is divided by 22.
17
What is the remainder when 35 is divided by 18?
17
Calculate the remainder when 2878 is divided by 93.
88
What is the remainder when 25 is divided by 9?
7
Calculate the remainder when 1455 is divided by 18.
15
What is the remainder when 570 is divided by 93?
12
What is the remainder when 2561 is divided by 2?
1
Calculate the remainder when 155 is divided by 93.
62
What is the remainder when 483 is divided by 133?
84
Calculate the remainder when 4031 is divided by 2014.
3
What is the remainder when 938 is divided by 78?
2
Calculate the remainder when 207 is divided by 68.
3
Calculate the remainder when 165 is divided by 40.
5
What is the remainder when 1412 is divided by 59?
55
Calculate the remainder when 664 is divided by 262.
140
What is the remainder when 142 is divided by 7?
2
Calculate the remainder when 313 is divided by 165.
148
Calculate the remainder when 965 is divided by 313.
26
Calculate the remainder when 382 is divided by 48.
46
Calculate the remainder when 1225 is divided by 1224.
1
What is the remainder when 3775 is divided by 59?
58
What is the remainder when 31 is divided by 7?
3
What is the remainder when 632 is divided by 348?
284
Calculate the remainder when 218 is divided by 49.
22
Calculate the remainder when 426 is divided by 130.
36
Calculate the remainder when 220 is divided by 36.
4
What is the remainder when 513 is divided by 12?
9
What is the remainder when 878 is divided by 37?
27
Calculate the remainder when 6189 is divided by 25.
14
Calculate the remainder when 71598 is divided by 10.
8
Calculate the remainder when 2819 is divided by 94.
93
Calculate the remainder when 120 is divided by 21.
15
Calculate the remainder when 7094 is divided by 118.
14
What is the remainder when 450 is divided by 181?
88
What is the remainder when 631 is divided by 207?
10
Calculate the remainder when 48215 is divided by 41.
40
Calculate the remainder when 386 is divided by 14.
8
What is the remainder when 435 is divided by 6?
3
What is the remainder when 48 is divided by 14?
6
Calculate the remainder when 1611 is divided by 31.
30
What is the remainder when 62 is divided by 12?
2
Calculate the remainder when 518 is divided by 36.
14
What is the remainder when 73 is divided by 36?
1
What is the remainder when 6073 is divided by 49?
46
Calculate the remainder when 186 is divided by 61.
3
Calculate the remainder when 469 is divided by 53.
45
What is the remainder when 518 is divided by 65?
63
What is the remainder when 672 is divided by 330?
12
What is the remainder when 186 is divided by 97?
89
What is the remainder when 89 is divided by 51?
38
What is the remainder when 7685 is divided by 9?
8
Calculate the remainder when 405 is divided by 25.
5
Calculate the remainder when 188 is divided by 48.
44
What is the remainder when 19256 is divided by 147?
146
What is the remainder when 8698 is divided by 100?
98
Calculate the remainder when 41 is divided by 15.
11
Calcula